he remainder when 439232 is divided by 21.
17
Calculate the remainder when 95244 is divided by 532.
16
What is the remainder when 2744 is divided by 156?
92
Calculate the remainder when 1585 is divided by 70.
45
What is the remainder when 232959 is divided by 208?
207
What is the remainder when 102949 is divided by 219?
19
What is the remainder when 72969 is divided by 62?
57
Calculate the remainder when 3271356 is divided by 69.
66
Calculate the remainder when 4803 is divided by 1593.
24
Calculate the remainder when 459 is divided by 452.
7
What is the remainder when 78524 is divided by 2?
0
What is the remainder when 3406 is divided by 1689?
28
What is the remainder when 10732 is divided by 11?
7
Calculate the remainder when 499332 is divided by 6935.
12
Calculate the remainder when 11561 is divided by 2890.
1
Calculate the remainder when 117 is divided by 15.
12
What is the remainder when 378069 is divided by 6?
3
What is the remainder when 70446 is divided by 117?
12
Calculate the remainder when 12570 is divided by 463.
69
Calculate the remainder when 7846 is divided by 309.
121
What is the remainder when 9995 is divided by 941?
585
What is the remainder when 41838 is divided by 211?
60
What is the remainder when 1057 is divided by 78?
43
Calculate the remainder when 2519 is divided by 43.
25
What is the remainder when 28929 is divided by 19?
11
Calculate the remainder when 6092 is divided by 1191.
137
Calculate the remainder when 5091 is divided by 29.
16
Calculate the remainder when 145619 is divided by 17.
14
Calculate the remainder when 83406 is divided by 47.
28
Calculate the remainder when 165622 is divided by 25.
22
Calculate the remainder when 3601 is divided by 257.
3
What is the remainder when 643 is divided by 149?
47
Calculate the remainder when 592021 is divided by 42286.
17
What is the remainder when 806 is divided by 386?
34
Calculate the remainder when 691095 is divided by 54.
3
What is the remainder when 2523507 is divided by 24?
3
What is the remainder when 32124 is divided by 946?
906
What is the remainder when 33135 is divided by 30?
15
Calculate the remainder when 43991 is divided by 60.
11
Calculate the remainder when 19095 is divided by 291.
180
What is the remainder when 170607 is divided by 235?
232
Calculate the remainder when 2306 is divided by 551.
102
Calculate the remainder when 108071 is divided by 127.
121
Calculate the remainder when 30866 is divided by 245.
241
What is the remainder when 29057 is divided by 9?
5
Calculate the remainder when 3139 is divided by 382.
83
What is the remainder when 18707 is divided by 103?
64
What is the remainder when 26748 is divided by 165?
18
Calculate the remainder when 12871 is divided by 61.
0
What is the remainder when 14744 is divided by 301?
296
What is the remainder when 6877 is divided by 629?
587
What is the remainder when 33497 is divided by 250?
247
What is the remainder when 3102 is divided by 13?
8
What is the remainder when 6682 is divided by 844?
774
What is the remainder when 69 is divided by 5?
4
What is the remainder when 7083 is divided by 18?
9
What is the remainder when 1923 is divided by 60?
3
What is the remainder when 4344771 is divided by 658?
655
Calculate the remainder when 23975 is divided by 358.
347
What is the remainder when 16034 is divided by 4006?
10
What is the remainder when 715899 is divided by 118?
111
What is the remainder when 87292 is divided by 3637?
4
Calculate the remainder when 13310 is divided by 4426.
32
Calculate the remainder when 24224 is divided by 24.
8
Calculate the remainder when 128687 is divided by 711.
707
Calculate the remainder when 678365 is divided by 688.
685
What is the remainder when 657 is divided by 17?
11
Calculate the remainder when 7395418 is divided by 230.
228
Calculate the remainder when 106347 is divided by 326.
71
Calculate the remainder when 7139 is divided by 21.
20
Calculate the remainder when 1347 is divided by 477.
393
Calculate the remainder when 14420 is divided by 764.
668
What is the remainder when 434320 is divided by 18?
16
Calculate the remainder when 78476 is divided by 628.
604
Calculate the remainder when 14438 is divided by 314.
308
Calculate the remainder when 5480 is divided by 1820.
20
Calculate the remainder when 3087 is divided by 13.
6
What is the remainder when 655757 is divided by 20?
17
What is the remainder when 30560 is divided by 3804?
128
Calculate the remainder when 86791 is divided by 1422.
49
What is the remainder when 55834 is divided by 206?
8
Calculate the remainder when 21696 is divided by 21696.
0
What is the remainder when 96280 is divided by 54?
52
What is the remainder when 12219 is divided by 939?
12
Calculate the remainder when 14598 is divided by 7275.
48
What is the remainder when 277018 is divided by 60?
58
Calculate the remainder when 7663 is divided by 453.
415
What is the remainder when 1096159 is divided by 41?
24
Calculate the remainder when 103597 is divided by 103532.
65
Calculate the remainder when 3557 is divided by 573.
119
Calculate the remainder when 12174 is divided by 811.
9
Calculate the remainder when 17051 is divided by 5583.
302
Calculate the remainder when 64 is divided by 17.
13
What is the remainder when 2912 is divided by 207?
14
What is the remainder when 36504 is divided by 36498?
6
Calculate the remainder when 1216 is divided by 133.
19
Calculate the remainder when 3857470 is divided by 662.
658
What is the remainder when 11993 is divided by 431?
356
What is the remainder when 96963 is divided by 3877?
38
What is the remainder when 5068 is divided by 556?
64
What is the remainder when 5392 is divided by 114?
34
What is the remainder when 364477 is divided by 23?
19
What is the remainder when 4165 is divided by 1372?
49
What is the remainder when 17110 is divided by 32?
22
What is the remainder when 781 is divided by 339?
103
What is the remainder when 2699 is divided by 308?
235
What is the remainder when 399259 is divided by 8?
3
Calculate the remainder when 49337 is divided by 345.
2
Calculate the remainder when 5957 is divided by 367.
85
What is the remainder when 3592287 is divided by 1568?
1567
Calculate the remainder when 91001 is divided by 279.
47
Calculate the remainder when 15862 is divided by 26.
2
What is the remainder when 59123 is divided by 14776?
19
What is the remainder when 1124 is divided by 63?
53
Calculate the remainder when 4468 is divided by 2230.
8
What is the remainder when 45447 is divided by 52?
51
What is the remainder when 268 is divided by 15?
13
Calculate the remainder when 1115 is divided by 112.
107
What is the remainder when 115364 is divided by 57661?
42
Calculate the remainder when 5919 is divided by 89.
45
Calculate the remainder when 3809 is divided by 512.
225
What is the remainder when 23724 is divided by 3917?
222
What is the remainder when 6568 is divided by 170?
108
Calculate the remainder when 539 is divided by 85.
29
What is the remainder when 38159 is divided by 81?
8
Calculate the remainder when 106498 is divided by 30.
28
Calculate the remainder when 303619 is divided by 170.
169
What is the remainder when 3354 is divided by 154?
120
Calculate the remainder when 2298 is divided by 1007.
284
What is the remainder when 26430 is divided by 781?
657
Calculate the remainder when 12625 is divided by 400.
225
Calculate the remainder when 24866 is divided by 8285.
11
Calculate the remainder when 12272 is divided by 941.
39
What is the remainder when 7079 is divided by 60?
59
What is the remainder when 26538 is divided by 344?
50
What is the remainder when 192492 is divided by 15?
12
What is the remainder when 9234 is divided by 298?
294
What is the remainder when 11033 is divided by 48?
41
What is the remainder when 241825 is divided by 28?
17
Calculate the remainder when 632 is divided by 180.
92
Calculate the remainder when 1200496 is divided by 39.
37
Calculate the remainder when 26822 is divided by 46.
4
What is the remainder when 3991 is divided by 502?
477
Calculate the remainder when 55692 is divided by 5563.
62
Calculate the remainder when 324327 is divided by 57.
54
Calculate the remainder when 37817 is divided by 305.
302
Calculate the remainder when 25849 is divided by 23.
20
W